- 59. What are the prime factors of r(-2)?
3, 29
Let k = 48 + -56. What are the prime factors of 2/k*7*(-37 - 7)?
7, 11
Suppose -4*s = 6*s - 60. List the prime factors of (-2)/s + 1034/6 - -2.
2, 3, 29
Suppose 9 = 3*m - 2*q, 3*m - 8 = -2*m + q. Let d be ((-1)/(-3))/m*18. Suppose -11*z = -d*z - 40. What are the prime factors of z?
2
Suppose 0 = -c - 5*z + 4*z + 4, 14 = 3*c + 5*z. Let t(o) = o**3 - 2*o**2 + o + 7. Let j(k) = -k**3 + k. Let i(q) = -j(q) + t(q). List the prime factors of i(c).
43
Suppose 2*a = 5*i, 4*i = -0*i - 3*a. Let d(s) = s + 67. List the prime factors of d(i).
67
Let s(z) = -z**3 + 10*z**2 + 5. Let n be s(10). What are the prime factors of 5*(3 - n - -3)?
5
Let t be 1143/9 - (1 + 0). Let y be t/35 + (-4)/(-10). Suppose 0 = -y*v - v + 50. List the prime factors of v.
2, 5
Suppose -309*p = -285*p - 122376. What are the prime factors of p?
5099
Let q = -10 + 13. Let h be q - (-3 - -3) - 1. Suppose 0*d = 5*d + 10, h*d + 10 = 3*w. What are the prime factors of w?
2
Let o(n) = -n + 42. Let l be o(0). Suppose 0 = -4*t - 4*u + 24 + 48, -2*t + l = -4*u. What are the prime factors of (1 - (-1 - -1))*t?
19
Let m(f) = f**3 + 21*f**2 - 6*f - 8. Let z be m(-22). Let s = -125 - z. List the prime factors of s.
5, 47
List the prime factors of ((-4)/(-12)*3)/(16/9104).
569
Suppose 3*r - 4*t = t + 1154, -1531 = -4*r - t. List the prime factors of r.
383
Suppose 0 = -2*j - 0*j. Suppose j = q - 22 - 152. What are the prime factors of q?
2, 3, 29
Let a(u) be the second derivative of -u**5/20 + 5*u**4/4 + u**3/3 + u**2 + 12*u. List the prime factors of a(15).
2
Let o = 95 + -24. Let w = 60 + o. What are the prime factors of w?
131
Suppose -51645 = 867*h - 882*h. List the prime factors of h.
11, 313
List the prime factors of (4350/(-125))/(2/(-20)).
2, 3, 29
Let d = 26 - 34. Let z(j) = j**3 + 8*j**2 - 4*j - 11. What are the prime factors of z(d)?
3, 7
Let q be 1139/2 - 0 - 3/(-6). Suppose -8*w + 638 = -q. List the prime factors of w.
151
Let t(r) = -2*r**3 + r**2 - 3*r + 9. Let b be t(0). Suppose b*g + 927 = 18*g. List the prime factors of g.
103
Let s be -2 + 1 + (-3 - -6). Let o(l) = -6 - 8 + l**2 + 1 + s + 13*l. What are the prime factors of o(-14)?
3
Suppose 4*h + 0*h = 2*d + 3828, 4*h + d - 3840 = 0. List the prime factors of h.
7, 137
Let q(n) = 39*n + 1. Let l(o) = -o**2 + 4*o - 3. Let k be l(2). What are the prime factors of q(k)?
2, 5
Let k(r) = -3*r - 5. Let g be k(-3). Suppose 3*d = -g*w - 139 + 933, w - 5*d - 210 = 0. List the prime factors of w.
2, 5
Suppose y = 10*y + 234. Let q = y - -98. List the prime factors of q.
2, 3
List the prime factors of (62/4)/(32/1344).
3, 7, 31
Suppose -5*s - 192 = 138. Suppose 12*w + 4292 = -25*w. Let d = s - w. List the prime factors of d.
2, 5
Let y(h) = -h**3 - 8*h**2 + 7*h - 10. Let o be -13 - (2 + (-30)/5). Let b be y(o). Suppose 87 - 247 = -b*j. List the prime factors of j.
2, 5
Let g = 1141 - -477. List the prime factors of g.
2, 809
Let f(r) = 4*r + 218. What are the prime factors of f(13)?
2, 3, 5
Suppose 5*r = 20, 2*r = 5*m - 10*m + 10773. List the prime factors of m.
2153
Let q = 951 - 590. What are the prime factors of q?
19
Let h(u) = 2*u + 153. Suppose 3*k + 0 = s - 2, 5*k - 4*s = -8. What are the prime factors of h(k)?
3, 17
Suppose 1 = -h + 5. Suppose h = -5*j - 16. List the prime factors of (-2 + 11)*j/(-3).
2, 3
Let i be (-4)/(-8)*-2 + -3. Let a be ((-6)/12)/((-2)/96). Let w = i + a. What are the prime factors of w?
2, 5
Let z(g) be the third derivative of g**6/120 + 7*g**5/60 - g**4/12 - g**3/3 + 16*g**2. What are the prime factors of z(-6)?
2, 23
Suppose 3*p + 4*n = -25, -n - 13 - 23 = 5*p. Let f(w) be the second derivative of w**4/12 + 5*w**3/6 - 3*w**2 + w. List the prime factors of f(p).
2
Let x(c) = -c**3 + 52*c**2 + 33*c - 20. List the prime factors of x(52).
2, 53
Let g(p) = -9*p**3 - 35*p + 48. List the prime factors of g(-7).
2, 5, 13
Suppose -7*n + 13781 + 4839 = 0. List the prime factors of n.
2, 5, 7, 19
Let b be 2/(-10) - (-642)/10. Suppose 112 = -5*f + v, -3*f - 3*v + 2*v = b. Let m = -10 - f. What are the prime factors of m?
2, 3
Let y = 21 + 81. Suppose 6*j = 9*j - y. Suppose -4 = 3*n - j. List the prime factors of n.
2, 5
List the prime factors of 6/3 - (-1072 - 3).
3, 359
Let q(h) = 7*h + 68. Let m be (2/(-4))/((-8)/256). What are the prime factors of q(m)?
2, 3, 5
Let r be (2 + -2)/(0 + 1). Let n(x) = -4*x - 9. Let y be n(-7). Suppose -k + y = -r. What are the prime factors of k?
19
Let h be (-2 - -416)*(-2)/4. Let q = -116 - h. List the prime factors of q.
7, 13
Suppose 0 = 8*q - 12931 - 5725. List the prime factors of q.
2, 11, 53
Let c = 44 - 12. Let v = -57 + c. Let s = -3 - v. List the prime factors of s.
2, 11
Let u(i) = -26*i + 100. What are the prime factors of u(-7)?
2, 3, 47
Let g = -3882 - -8792. What are the prime factors of g/22 - (-10)/(-55)?
223
Let v = -8 + 12. Suppose -13 = -v*r + 11. Let d = r + 10. List the prime factors of d.
2
Suppose -83*d + 25*d + 78648 = 0. List the prime factors of d.
2, 3, 113
Let c(t) = -9*t - 22. What are the prime factors of c(-15)?
113
Let z(u) be the third derivative of u**5/60 - 7*u**4/24 + 5*u**3/6 - 3*u**2. Let g be z(5). Let o = g + 12. List the prime factors of o.
7
Let g = 1655 - 748. List the prime factors of g.
907
Let n(b) = 21*b**2 + 3*b - 13. Let z(u) = 10*u**2 + 2*u - 6. Let p(g) = -2*n(g) + 5*z(g). Let x be p(-4). Let h = x - 31. List the prime factors of h.
7, 11
Suppose 2*i = a - 3487, 17400 = 5*a + 27*i - 30*i. List the prime factors of a.
3, 19, 61
Let o(x) = 2*x**2 - 20*x + 71. What are the prime factors of o(-15)?
821
Let i be (4/11)/((-56)/(-308)). Suppose 0 = -2*b - 0*b - i, 4*z - 870 = 2*b. What are the prime factors of z?
7, 31
Let m = 18 - 36. Let q be 24/m*(-3)/2. Suppose 172 = 4*s - q*w, w - 139 = -5*s + 2*s. What are the prime factors of s?
3, 5
Let n be 1164/21 + 6/(-14). Let a = 25 + n. Let l = -40 + a. List the prime factors of l.
2, 5
Let t(f) be the first derivative of -f**3/3 + 11*f**2/2 + 14*f - 12. What are the prime factors of t(6)?
2, 11
Let j(c) = -c**3 - 6*c**2 + 4. Let l be j(-6). Let x(v) = 2*v**3 - 6*v**2 + 2*v - 2. What are the prime factors of x(l)?
2, 19
Suppose 0 = 5*q + b - 800, -3*q + 640 = q - 2*b. Let l = q + -90. List the prime factors of l.
2, 5, 7
Let u be 20*((-19)/4 + 4). Let y = 130 + u. List the prime factors of y.
5, 23
Suppose 5*v - 4*i = 10, 0*v + 4*i + 6 = 3*v. Suppose 5*h + 5 = -4*c + 1, 0 = v*c + 3*h. What are the prime factors of 90/(-4)*c/3?
3, 5
Let s(r) = 230*r**2 + 2*r - 2. Let g be s(1). Let l = -8 + g. List the prime factors of l.
2, 3, 37
Suppose 0 = -4*b - 3*m + 116, m - 145 = -5*b + 4*m. List the prime factors of b.
29
Let i be ((-21)/12)/(1/(-56)). List the prime factors of (i - 6/3) + 2.
2, 7
List the prime factors of (-11 + 3 - 36)/(1/(-5)).
2, 5, 11
Suppose 3*f - 7*f - 24 = 0. Let s be f + 3 + 1 + -10. Let u = 33 + s. List the prime factors of u.
3, 7
Let i = 1295 + 565. List the prime factors of i.
2, 3, 5, 31
Let y(q) = q**2 + 4*q - 8. Let t be y(-6). Suppose -5*o + t*o = 0. Suppose -c + 33 - 2 = o. What are the prime factors of c?
31
Suppose 4*h - 2 = 10. Let c be 3 + -379 - (-1 + h). List the prime factors of c/(-45)*10/3.
2, 7
Suppose -3*w - 1 = -4*w. Let q = w - -23. What are the prime factors of q?
2, 3
Let r(f) = -f**2 - 32*f - 20. Let l = 69 + -96. List the prime factors of r(l).
5, 23
Suppose -421*z + 8475 = -416*z. What are the prime factors of z?
3, 5, 113
Suppose -2*h + 7*h - 3*r = 1637, -5*r - 323 = -h. Let u = -166 + h. List the prime factors of u.
2, 3
Let j(l) = -5*l**3 + 4*l + 3. Let g(x) = -2*x - 9. Let n be g(-9). Let q(z) = z**3 - 9*z**2 - z + 7. Let b be q(n). What are the prime factors of j(b)?
5, 7
Let t(u) = 18*u**2 - 9*u - 23. What are the prime factors of t(-5)?
2, 59
Suppose -5*f + 7 + 2 = 2*n, -f = 4*n - 63. Suppose -2*m + 17 = 5*k - n, 3*k + 12 = 0. Suppose 0 = -23*u + m*u - 108. List the prime factors of u.
3
Let a be -1 - 1 - 16/(-4). Let p(f) = 4 - f**a - 5*f + 0 + 3. What are the prime factors of p(-3)?
13
Suppose 6*q = -7*q + 5993. What are the prime factors of q?
461
Suppose 6 = -24*l + 21*l. What are the prime factors of (0 + (-8)/12)*69/l?
23
Let q(m) = -108*m + 30. Let p be q(-12). Suppose -797 = -3*